 = -5*r, -4*r = 5*f - 24441. What is the thousands digit of f?
4
Let m = -6148 + 12350. What is the thousands digit of m?
6
What is the units digit of (-240060)/(-9)*(205/100 + (-6)/24)?
2
Suppose 39249 = 5*x + 4949. What is the hundreds digit of x?
8
Let x(y) = -4*y**3 - 3*y**2 + 2*y + 10. Let i be x(-2). Suppose 0 = 6*h + i*h - 36864. What is the thousands digit of h?
1
Suppose -5*a - 2*l + 3244 = 0, 0*a - 1297 = -2*a - l. Suppose -4*k + a = -2*z, 2*k + 2*z + 0*z - 328 = 0. What is the units digit of k?
3
Let d = -11975 + 20880. What is the tens digit of d?
0
What is the units digit of (-1014)/52*124/(-3) + 2?
8
Suppose -3*j + 2*j + 8 = n, -5*n + 20 = j. Let t = 399 - j. What is the tens digit of t?
9
Let b = 5513 - 3487. Suppose -130 = -2*f - g + b, -g - 1078 = -f. What is the units digit of f?
8
Let t be (189/(-252))/(3190/(-3192) + 1). Let p = t + 1858. What is the tens digit of p?
6
Let f = -274 - -274. Suppose -3*x + w + 1581 = f, w = 5*w + 12. What is the hundreds digit of x?
5
Let j(q) = -8 - 12 + 5 - 23*q. Let y be j(-12). Suppose 0*k - 201 = -3*d - 2*k, -4*d = 5*k - y. What is the units digit of d?
9
Let s be 1*6/(-3) - -12. Suppose -s*t + 1342 = t. Suppose -7*x + 2*x - 235 = -5*j, 2*j + 5*x = t. What is the tens digit of j?
5
Let d = -4409 + 8868. What is the units digit of d?
9
Suppose 131*f = 124*f + 32900. What is the units digit of f?
0
Suppose -8*y = -3*y + 20. Let d be 1/(y - (4932/136)/(-9)). Suppose 36*r - d*r - 266 = 0. What is the hundreds digit of r?
1
Let u(j) = 2*j**2 + 9*j - 21. Let l be u(8). Let k = l - -1686. Suppose 0 = 8*s - k + 105. What is the units digit of s?
0
What is the ten thousands digit of (1065459/(-795))/(-2*(-2)/(-60))?
2
Let o = 12 - 7. Let j be (1 + -1)/(380/(-190)). Suppose j = o*t - 62 - 278. What is the units digit of t?
8
What is the units digit of ((-2)/(-22) - (-1800)/(-440)) + 3116*1?
2
Let o(z) = -z**2 + 6*z + 4. Let q be o(6). Let h = 1496 + -1455. Suppose 2*s - 55 = q*p + h, 0 = -2*s - 2*p + 102. What is the units digit of s?
0
Let q = 14965 - 2212. What is the tens digit of q?
5
Let c(b) = -12*b**3 - 9*b**2 - 23*b - 6. Let j(z) = 11*z**3 + 8*z**2 + 22*z + 6. Let f(k) = -4*c(k) - 5*j(k). What is the hundreds digit of f(-4)?
4
Let q(x) = 59*x**2 + 52*x - 2648. What is the thousands digit of q(27)?
1
Suppose -2951 = -3*z - 2*z - x, 4*z + 3*x - 2352 = 0. Suppose -z = -2*g + 301. What is the hundreds digit of g?
4
What is the thousands digit of ((-68062)/(-13))/((-1488)/(-78) + -19)?
8
Let k be (-54)/1 + 12/6. Let j be 1140/4*(-6 - 136/(-24)). Let a = k - j. What is the units digit of a?
3
Suppose 3*o + s = 18 - 23, -12 = 2*o + 5*s. Let z(r) = 1. Let x(l) = -47*l + 141. Let f(t) = x(t) - 141*z(t). What is the tens digit of f(o)?
4
What is the hundreds digit of 2*-41*(-101 + -20)?
9
Let r(o) = 3 + 6 - 3 + 5 - 15*o + 36*o. Suppose -2*k = -2*c + 10, 2*c + 2*c + 2*k = 20. What is the tens digit of r(c)?
1
Let p = -27705 + 41993. What is the units digit of p?
8
What is the hundreds digit of 2*(18714/4 + -11)?
3
Let i = -3064 - -9313. What is the tens digit of i?
4
Suppose 18*d = 14 + 58. Let x(l) = 408*l + 71. What is the units digit of x(d)?
3
Let i be (-10 + 4 - -6)/2. Suppose 2*d + 242 = t, i = d - 8 + 3. What is the hundreds digit of t?
2
Let n = -4023 + 741. What is the tens digit of n/(-4)*(42 + -40)?
4
Let g be 1 + -1 - ((1 - -33) + 6). Let r be ((-25)/2)/(20/g). What is the units digit of r + 1*6/2?
8
Let c(n) = 5*n**2 - 10*n - 261. What is the thousands digit of c(24)?
2
Suppose 671*p - 13047 = -3*w + 668*p, 0 = -2*w - 3*p + 8697. What is the tens digit of w?
5
Suppose 896 = -7*q - 0*q. Let n = q - 158. Let r = n - -403. What is the units digit of r?
7
What is the tens digit of ((-690)/575)/(4/(-7130))?
3
Let o = -31 - -39. Suppose 5 + 2 = -3*f - 5*k, -o = 4*k. What is the tens digit of 2 + (-2 - f) + 44?
4
Suppose -2*g - 2*r + 12 = 0, r = 6*g - g. Let m(w) = 3*w + 2. Let c be m(g). Suppose -5*q - 208 = -4*h, h + 4*q = c*h - 212. What is the tens digit of h?
5
Let w = -4493 - -12184. What is the hundreds digit of w?
6
Let t(v) = 15*v**3 - 6*v**2 - 2*v - 96. What is the thousands digit of t(14)?
9
Let b(y) be the first derivative of -y**2 - 24*y - 34. Let z be b(-13). Suppose 0 = -0*l + z*l - 166. What is the units digit of l?
3
Let c(d) = d**2 - 4*d - 37. Let r be c(13). Suppose -4*n - 8 = -r. What is the tens digit of n?
1
Let q be 4 + -89 - (1 + 0 + 0). Let z = q - -89. Suppose 0 = z*m - 619 - 65. What is the tens digit of m?
2
Suppose n - z = -156, -6*z = -z + 5. Let i = 58 + n. Let a = i - -140. What is the units digit of a?
1
Let d(q) = 19*q - 2. Let g be d(3). Suppose 8 = 4*f, 3*f + 457 = -2*b + g. Let u = 297 + b. What is the tens digit of u?
9
Suppose 17*q + 104 = 13*q. Let a = q - -92. Suppose -4*l - 830 = -4*f - a, -3*f = 5*l - 573. What is the hundreds digit of f?
1
Let d = 253 - 203. What is the tens digit of (d/(-3))/((-70)/1155)?
7
Let d = -19784 - -34001. What is the ten thousands digit of d?
1
Suppose 0*i + 2*i - 584 = -5*z, 462 = 4*z - i. Let q = z - 236. What is the units digit of (50/(-40))/(2/q)?
5
Let l = -15997 - -28024. What is the units digit of l?
7
Suppose -w = -16*w + 7860. Suppose 0 = -33*u + 29*u + w. What is the units digit of u?
1
Let d(c) = 47*c**3 + 2*c**2 - 9*c + 9. Let a(t) = 235*t**3 + 10*t**2 - 45*t + 45. Let s(n) = -2*a(n) + 11*d(n). What is the hundreds digit of s(2)?
3
Suppose 6*i = 2*i + 1284. Suppose 0 = 11*u + 621 + 413. Let d = i + u. What is the tens digit of d?
2
Let t(h) = 16*h - 237. What is the units digit of t(17)?
5
Let k = 352 + -248. Let t = 31 + k. Suppose c - m = t, -c + 5*m = 3*m - 136. What is the tens digit of c?
3
Let a(u) = 232*u**2 + 4*u - 2. Let x be a(2). Suppose -5*o - 1170 = -i - 4*i, 4*i - 2*o = x. What is the units digit of i?
3
Let g(t) = 2*t**2 - 6*t - 6. Let j be g(9). Suppose j + 60 = -a. Let i = a - -230. What is the units digit of i?
8
Let u = 11824 - 7987. What is the hundreds digit of u?
8
Suppose 192 = 27*q + 5*q. What is the units digit of 8*(12726/168 - (q - 1))?
6
Suppose -5*x - 3*k + 6532 = 0, -5*k - 2618 = -2*x - k. Suppose -3*z + x = 374. What is the tens digit of z?
1
What is the units digit of (-974)/(-14) + (-140)/245?
9
Let v(a) = 2*a. Let g(c) = 4*c**2 - 11*c + 1. Let q(w) = g(w) + 2*v(w). What is the hundreds digit of q(-7)?
2
Let m = 1935 + 1949. What is the thousands digit of m?
3
Let n = -85441 - -149352. What is the tens digit of n?
1
Let n = 31 - 27. Suppose -2*b - 3 = v - 3*b, -n*b + 22 = v. Suppose v*l = 3*j + 163 + 104, 4*j - 246 = -2*l. What is the tens digit of l?
2
Suppose 5*i - 7*i = 2*d - 19968, -3*d + 2*i + 29977 = 0. What is the units digit of d?
9
Let a = -8364 - -11905. Suppose g - 1055 = 4*h, 0 = 4*g - 3*h - a - 666. What is the hundreds digit of g?
0
Suppose b - 2394 = 4*t + 10544, -4*b + 4*t + 51752 = 0. What is the tens digit of b?
3
Let w(u) = 5*u + 20. Let t be w(-4). Let m be (t + (-34)/1*1)*-2. Suppose 316 = 4*r + m. What is the units digit of r?
2
Let z(a) = a**3 - 12*a**2 - 14*a + 19. Let n be z(13). Let q be (2 - (1 + n))*(4 + -5). Suppose 380 = q*o - 210. What is the hundreds digit of o?
1
Let i = 33 - 29. Suppose -2*l + i = 6. What is the units digit of 23*((l - 0) + 4)?
9
Let b be -18 - -15 - (-1 + -4)*5. Suppose -6*s + 2*s + b = -f, s - 2*f = 9. Suppose 145 = s*k - 185. What is the units digit of k?
6
Suppose -3*k + 2*j = -4*k - 5, -2*k = -4*j - 14. Let g be 3/k*(-5)/((-75)/(-1660)). Let u = g + 556. What is the tens digit of u?
2
Suppose 5 = s, -76*s - 33146 = -4*l - 74*s. What is the units digit of l?
9
Let j = 4375 - 6860. What is the hundreds digit of 3/9 + (j/(-15) - -7)?
1
Suppose -252 + 8742 = 2*m. What is the thousands digit of m?
4
Suppose 31407 = -181*n + 182*n - 7022. What is the tens digit of n?
2
Let c(h) = -509*h + 576. What is the units digit of c(-13)?
3
Suppose 36*d = 19*d + 19*d - 49548. What is the ten thousands digit of d?
2
Let f(y) = -3*y**3 + 3*y**2 + y - 1. Let d be f(-1). Suppose -5*q - 11 = d. What is the tens digit of 1/q + 5124/36?
4
Suppose 793130 = 82*t - 1526651 - 1478213. What is the ten thousands digit of t?
4
Let r be (-34100)/(-1430) + 4/26. What is the units digit of 4*30/r - -2*9?
3
Suppose -11*o + 3610 = 27*o. Suppose -3144 = -9